{"id":73,"date":"2017-05-12T19:54:46","date_gmt":"2017-05-12T19:54:46","guid":{"rendered":"http:\/\/ingojooss.com\/?page_id=73"},"modified":"2025-09-09T10:58:59","modified_gmt":"2025-09-09T10:58:59","slug":"vita","status":"publish","type":"page","link":"https:\/\/ingojooss.com\/?page_id=73","title":{"rendered":"Vita"},"content":{"rendered":"<p>Geboren am 29.06.1976<\/p>\n<p>seit Okt 2010 freischaffend t\u00e4tig als Lichtdesigner<\/p>\n<p>2008 &#8211; 2010 Weiterbildung zum Meister f\u00fcr Veranstaltungstechnik\/Fachrichtung Beleuchtung bei der IHK K\u00f6ln<\/p>\n<p>ab 2006 freischaffende T\u00e4tigkeiten als Lichtdesigner und Technischer Leiter f\u00fcr freie Tanz- und Theatergruppen und Theaterprojekte<\/p>\n<p>2001 -2010 Lichttechniker am Theater Rampe Stuttgart, verantwortlich f\u00fcr das Lichtdesign von allen Neuproduktionen<br \/>\nab 2003 auch Technische Leitung des Hauses<\/p>\n<p>2000 &#8211; 2001 Tourneetechniker Licht und Ton bei Theater auf Tour, Frankfurt<\/p>\n<p>1995 &#8211; 2000 Nebenberufliche T\u00e4tigkeit am Naturtheater Heidenheim als Licht- und Tontechniker<\/p>\n<p>1997 &#8211; 2000 Studium der Biologie und Chemie an der Friedrich-Alexander-Universit\u00e4t Erlangen<\/p>\n<p>1995 Abitur am Werkgymnasium Heidenheim<\/p>\n<p><b>Pultkenntnisse:<\/b><\/p>\n<p>ETC Congo\/Cobalt, ETC EOS, GrandMA<\/p>\n<p><b>Eigenes Pult:<\/b>\u00a0 ETC Congo Kid<\/p>\n","protected":false},"excerpt":{"rendered":"<p>Geboren am 29.06.1976 seit Okt 2010 freischaffend t\u00e4tig als Lichtdesigner 2008 &#8211; 2010 Weiterbildung zum Meister f\u00fcr Veranstaltungstechnik\/Fachrichtung Beleuchtung bei der IHK K\u00f6ln ab 2006 freischaffende T\u00e4tigkeiten als Lichtdesigner und Technischer Leiter f\u00fcr freie Tanz- und Theatergruppen und Theaterprojekte 2001 -2010 Lichttechniker am Theater Rampe Stuttgart, verantwortlich f\u00fcr das Lichtdesign von allen Neuproduktionen ab 2003 auch Technische Leitung des Hauses 2000 &#8211; 2001 Tourneetechniker Licht und Ton bei Theater auf Tour, Frankfurt 1995 &#8211; 2000 Nebenberufliche T\u00e4tigkeit am Naturtheater Heidenheim als Licht- und Tontechniker 1997 &#8211; 2000 Studium der Biologie und Chemie an der Friedrich-Alexander-Universit\u00e4t Erlangen 1995 Abitur am Werkgymnasium Heidenheim Pultkenntnisse: ETC Congo\/Cobalt, ETC EOS, GrandMA Eigenes Pult:\u00a0 ETC Congo Kid<\/p>\n","protected":false},"author":1,"featured_media":0,"parent":0,"menu_order":0,"comment_status":"closed","ping_status":"closed","template":"","meta":{"footnotes":""},"_links":{"self":[{"href":"https:\/\/ingojooss.com\/index.php?rest_route=\/wp\/v2\/pages\/73"}],"collection":[{"href":"https:\/\/ingojooss.com\/index.php?rest_route=\/wp\/v2\/pages"}],"about":[{"href":"https:\/\/ingojooss.com\/index.php?rest_route=\/wp\/v2\/types\/page"}],"author":[{"embeddable":true,"href":"https:\/\/ingojooss.com\/index.php?rest_route=\/wp\/v2\/users\/1"}],"replies":[{"embeddable":true,"href":"https:\/\/ingojooss.com\/index.php?rest_route=%2Fwp%2Fv2%2Fcomments&post=73"}],"version-history":[{"count":6,"href":"https:\/\/ingojooss.com\/index.php?rest_route=\/wp\/v2\/pages\/73\/revisions"}],"predecessor-version":[{"id":982,"href":"https:\/\/ingojooss.com\/index.php?rest_route=\/wp\/v2\/pages\/73\/revisions\/982"}],"wp:attachment":[{"href":"https:\/\/ingojooss.com\/index.php?rest_route=%2Fwp%2Fv2%2Fmedia&parent=73"}],"curies":[{"name":"wp","href":"https:\/\/api.w.org\/{rel}","templated":true}]}}