{"id":44,"date":"2017-05-11T22:29:12","date_gmt":"2017-05-11T22:29:12","guid":{"rendered":"http:\/\/ingojooss.com\/?page_id=44"},"modified":"2026-02-28T18:59:16","modified_gmt":"2026-02-28T18:59:16","slug":"aktuell","status":"publish","type":"page","link":"https:\/\/ingojooss.com\/?page_id=44","title":{"rendered":"Aktuell"},"content":{"rendered":"\n<p><strong>&#8222;Vox et Spiritus&#8220;<\/strong><br>Choreografie: Dominique Dumais, Virginie Brunelle, Mirko Ingrao<br>B\u00fchne: Paul Zoller<br>Kost\u00fcme: Kerstin Laube<br>Mainfrankentheater W\u00fcrzburg<br>Premiere: 25.04.2026<\/p>\n\n\n\n<p><strong>&#8222;Happy Birthday Bach! Bach TanzLab&#8220;<\/strong><br>Choreografie: Yves Ytier<br>Im Rahmen des Bachfest Stuttgart\/Bachakademie Stuttgart<br>Liederhalle Stuttgart<br>Premiere: 21.03.2026<\/p>\n\n\n\n<p><strong>&#8222;Artus Excalibur&#8220;<\/strong><br>Musikalische Leitung: Seong-Bin Oh<br>Regie: Oliver Kl\u00f6ter<br>Ausstattung: Darko Petrovic<br>Choreografie: Sabrina Stein<br>Theater Osnabr\u00fcck<br>Premiere: 07.03.2026<\/p>\n\n\n\n<p><strong>&#8222;Briefe an &#8230;&#8220;<\/strong><br>Choreografie: Dominique Dumais<br>Ausstattung: Kerstin Laube<br>Mainfrankentheater W\u00fcrzburg<br>Premiere: 31.01.2026<\/p>\n\n\n<p><strong>&#8222;Bach bewegt Tanz! &#8211; Weihnachtsoratorium&#8220;<br \/><\/strong>Musikalische Leitung: Hans-Christoph Rademann<br \/>Choreografie: Fredericke Rademann<br \/>Bachakademie Stuttgart im Forum Ludwigsburg<br \/>Premiere: 12.12.2025<\/p>\n<p><strong>&#8222;Dancing Beethoven&#8220;<\/strong><br \/>Choreografie: Kevin O&#8217;Day<br \/>Factoria Dansa Terrassa\/Spanien<br \/>Premiere: 28.11.2025<\/p>\n<p><strong>&#8222;Dornr\u00f6schen&#8220;<br \/><\/strong>Musikalische Leitung: Yura Yang<br \/>Choreographie: Bridget Breiner<br \/>B\u00fchne\/Kost\u00fcme: J\u00fcrgen Franz Kirner<br \/>Ballett am Rhein\/Deutsche Oper am Rhein D\u00fcsseldorf<br \/>Premiere: 15.11.2025<\/p>\n<p><strong>&#8222;Tristan und<\/strong> <strong>Isolde&#8220;<\/strong><br \/>Musikalische Leitung: Golo Berg<br \/>Regie: Clara Kalus<br \/>B\u00fchne: Dieter Richter<br \/>Theater M\u00fcnster<br \/>Premiere: 02.11.2025<\/p>\n<p><strong>&#8222;All our Stories&#8220;<br \/><\/strong>Musikalische Leitung: Seong-Bin Oh<br \/>Choreographie: Thomas Noone<br \/>Ausstattung: Isabell Kork<br \/>Musik: Kinan Azmeh<br \/>Theater Osnabr\u00fcck<br \/>Premiere: 25.10.2025<\/p>\n<p><strong>&#8222;Fiskus&#8220;<\/strong><br \/>Regie\/B\u00fchne: Sylvia Sobottka<br \/>Mainfrankentheater W\u00fcrzburg<br \/>Premiere: 03.10.2025<\/p>\n<p><strong>&#8222;Romeo und Julia&#8220;<\/strong><br \/>Regie: Ronny Jakubaschk<br \/>B\u00fchne\/Kost\u00fcme: Denise Schneider, Cornelius Reitmayr<br \/>Mainfrankentheater W\u00fcrzburg<br \/>Premiere: 19.09.2025<\/p>\n<p>\u00a0<\/p>","protected":false},"excerpt":{"rendered":"<p>&#8222;Vox et Spiritus&#8220;Choreografie: Dominique Dumais, Virginie Brunelle, Mirko IngraoB\u00fchne: Paul ZollerKost\u00fcme: Kerstin LaubeMainfrankentheater W\u00fcrzburgPremiere: 25.04.2026 &#8222;Happy Birthday Bach! Bach TanzLab&#8220;Choreografie: Yves YtierIm Rahmen des Bachfest Stuttgart\/Bachakademie StuttgartLiederhalle StuttgartPremiere: 21.03.2026 &#8222;Artus Excalibur&#8220;Musikalische Leitung: Seong-Bin OhRegie: Oliver Kl\u00f6terAusstattung: Darko PetrovicChoreografie: Sabrina SteinTheater Osnabr\u00fcckPremiere: 07.03.2026 &#8222;Briefe an &#8230;&#8220;Choreografie: Dominique DumaisAusstattung: Kerstin LaubeMainfrankentheater W\u00fcrzburgPremiere: 31.01.2026 &#8222;Bach bewegt Tanz! &#8211; Weihnachtsoratorium&#8220;Musikalische Leitung: Hans-Christoph RademannChoreografie: Fredericke RademannBachakademie Stuttgart im Forum LudwigsburgPremiere: 12.12.2025 &#8222;Dancing Beethoven&#8220;Choreografie: Kevin O&#8217;DayFactoria Dansa Terrassa\/SpanienPremiere: 28.11.2025 &#8222;Dornr\u00f6schen&#8220;Musikalische Leitung: Yura YangChoreographie: Bridget BreinerB\u00fchne\/Kost\u00fcme: J\u00fcrgen Franz KirnerBallett am Rhein\/Deutsche Oper am Rhein D\u00fcsseldorfPremiere: 15.11.2025 &#8222;Tristan und Isolde&#8220;Musikalische Leitung: Golo BergRegie: Clara KalusB\u00fchne: Dieter RichterTheater M\u00fcnsterPremiere: 02.11.2025 &#8222;All our Stories&#8220;Musikalische Leitung: Seong-Bin OhChoreographie: Thomas NooneAusstattung: Isabell KorkMusik: Kinan AzmehTheater Osnabr\u00fcckPremiere: 25.10.2025 &#8222;Fiskus&#8220;Regie\/B\u00fchne: Sylvia SobottkaMainfrankentheater W\u00fcrzburgPremiere: 03.10.2025 &#8222;Romeo und Julia&#8220;Regie: Ronny JakubaschkB\u00fchne\/Kost\u00fcme: Denise Schneider, Cornelius ReitmayrMainfrankentheater W\u00fcrzburgPremiere: 19.09.2025 \u00a0<\/p>\n","protected":false},"author":1,"featured_media":0,"parent":0,"menu_order":0,"comment_status":"closed","ping_status":"closed","template":"","meta":{"footnotes":""},"_links":{"self":[{"href":"https:\/\/ingojooss.com\/index.php?rest_route=\/wp\/v2\/pages\/44"}],"collection":[{"href":"https:\/\/ingojooss.com\/index.php?rest_route=\/wp\/v2\/pages"}],"about":[{"href":"https:\/\/ingojooss.com\/index.php?rest_route=\/wp\/v2\/types\/page"}],"author":[{"embeddable":true,"href":"https:\/\/ingojooss.com\/index.php?rest_route=\/wp\/v2\/users\/1"}],"replies":[{"embeddable":true,"href":"https:\/\/ingojooss.com\/index.php?rest_route=%2Fwp%2Fv2%2Fcomments&post=44"}],"version-history":[{"count":85,"href":"https:\/\/ingojooss.com\/index.php?rest_route=\/wp\/v2\/pages\/44\/revisions"}],"predecessor-version":[{"id":1251,"href":"https:\/\/ingojooss.com\/index.php?rest_route=\/wp\/v2\/pages\/44\/revisions\/1251"}],"wp:attachment":[{"href":"https:\/\/ingojooss.com\/index.php?rest_route=%2Fwp%2Fv2%2Fmedia&parent=44"}],"curies":[{"name":"wp","href":"https:\/\/api.w.org\/{rel}","templated":true}]}}