{"id":1022,"date":"2025-09-11T10:30:54","date_gmt":"2025-09-11T10:30:54","guid":{"rendered":"https:\/\/ingojooss.com\/?page_id=1022"},"modified":"2025-12-11T16:34:11","modified_gmt":"2025-12-11T16:34:11","slug":"home","status":"publish","type":"page","link":"https:\/\/ingojooss.com\/","title":{"rendered":"Home"},"content":{"rendered":"\n<div class=\"wp-block-columns is-layout-flex wp-container-core-columns-is-layout-1 wp-block-columns-is-layout-flex\">\n<div class=\"wp-block-column is-layout-flow wp-block-column-is-layout-flow\">\n<figure class=\"wp-block-image size-large is-resized is-style-rounded\"><img loading=\"lazy\" decoding=\"async\" width=\"878\" height=\"1024\" src=\"https:\/\/ingojooss.com\/wp-content\/uploads\/2017\/05\/Foto-Ingo-Joo\u00df-878x1024.jpg\" alt=\"\" class=\"wp-image-295\" style=\"width:245px;height:auto\" srcset=\"https:\/\/ingojooss.com\/wp-content\/uploads\/2017\/05\/Foto-Ingo-Joo\u00df-878x1024.jpg 878w, https:\/\/ingojooss.com\/wp-content\/uploads\/2017\/05\/Foto-Ingo-Joo\u00df-257x300.jpg 257w, https:\/\/ingojooss.com\/wp-content\/uploads\/2017\/05\/Foto-Ingo-Joo\u00df-768x896.jpg 768w, https:\/\/ingojooss.com\/wp-content\/uploads\/2017\/05\/Foto-Ingo-Joo\u00df-700x817.jpg 700w, https:\/\/ingojooss.com\/wp-content\/uploads\/2017\/05\/Foto-Ingo-Joo\u00df-520x607.jpg 520w, https:\/\/ingojooss.com\/wp-content\/uploads\/2017\/05\/Foto-Ingo-Joo\u00df-360x420.jpg 360w, https:\/\/ingojooss.com\/wp-content\/uploads\/2017\/05\/Foto-Ingo-Joo\u00df-250x292.jpg 250w, https:\/\/ingojooss.com\/wp-content\/uploads\/2017\/05\/Foto-Ingo-Joo\u00df-100x117.jpg 100w, https:\/\/ingojooss.com\/wp-content\/uploads\/2017\/05\/Foto-Ingo-Joo\u00df.jpg 1856w\" sizes=\"(max-width: 878px) 100vw, 878px\" \/><\/figure>\n<\/div>\n\n\n\n<div class=\"wp-block-column is-layout-flow wp-block-column-is-layout-flow\">\n<p><\/p>\n\n\n\n<p><strong>Ingo Joo\u00df <\/strong><br>Lichtdesign f\u00fcr Ballett, Oper, Musical, Theater und Performance<br><br>Kontakt: <br>+49 (0)177-3095468<br>mail@ingojooss.com<br><\/p>\n<\/div>\n<\/div>\n\n\n\n<p><\/p>\n\n\n\n<p class=\"has-text-align-right has-medium-font-size\"><strong>Highlights<\/strong><br><\/p>\n\n\n\n<p class=\"has-text-align-left has-small-font-size\"><\/p>\n\n\n\n<div class=\"wp-block-columns is-layout-flex wp-container-core-columns-is-layout-2 wp-block-columns-is-layout-flex\">\n<div class=\"wp-block-column is-layout-flow wp-block-column-is-layout-flow\">\n<figure class=\"wp-block-image size-large is-style-rounded\"><img loading=\"lazy\" decoding=\"async\" width=\"1024\" height=\"683\" src=\"http:\/\/ingojooss.com\/wp-content\/uploads\/2017\/10\/Forever-and-a-day14-1024x683.jpg\" alt=\"\" class=\"wp-image-401\" srcset=\"https:\/\/ingojooss.com\/wp-content\/uploads\/2017\/10\/Forever-and-a-day14-1024x683.jpg 1024w, https:\/\/ingojooss.com\/wp-content\/uploads\/2017\/10\/Forever-and-a-day14-300x200.jpg 300w, https:\/\/ingojooss.com\/wp-content\/uploads\/2017\/10\/Forever-and-a-day14-768x512.jpg 768w, https:\/\/ingojooss.com\/wp-content\/uploads\/2017\/10\/Forever-and-a-day14-700x467.jpg 700w, https:\/\/ingojooss.com\/wp-content\/uploads\/2017\/10\/Forever-and-a-day14-520x347.jpg 520w, https:\/\/ingojooss.com\/wp-content\/uploads\/2017\/10\/Forever-and-a-day14-360x240.jpg 360w, https:\/\/ingojooss.com\/wp-content\/uploads\/2017\/10\/Forever-and-a-day14-250x167.jpg 250w, https:\/\/ingojooss.com\/wp-content\/uploads\/2017\/10\/Forever-and-a-day14-100x67.jpg 100w, https:\/\/ingojooss.com\/wp-content\/uploads\/2017\/10\/Forever-and-a-day14.jpg 2000w\" sizes=\"(max-width: 1024px) 100vw, 1024px\" \/><\/figure>\n\n\n\n<p><br><strong>&#8222;Forever and a day&#8220;<\/strong><br><em>Litauische Nationaloper und Ballett<\/em><br><a href=\"https:\/\/ingojooss.com\/?page_id=1026\">Mehr Info<\/a><\/p>\n<\/div>\n\n\n\n<div class=\"wp-block-column is-layout-flow wp-block-column-is-layout-flow\">\n<figure class=\"wp-block-image size-large is-style-rounded\"><img loading=\"lazy\" decoding=\"async\" width=\"1024\" height=\"683\" src=\"http:\/\/ingojooss.com\/wp-content\/uploads\/2025\/09\/TheaterMD_Addams-Family_HPO_240_Foto_Andreas_Lander-1024x683.jpg\" alt=\"\" class=\"wp-image-992\" srcset=\"https:\/\/ingojooss.com\/wp-content\/uploads\/2025\/09\/TheaterMD_Addams-Family_HPO_240_Foto_Andreas_Lander-1024x683.jpg 1024w, https:\/\/ingojooss.com\/wp-content\/uploads\/2025\/09\/TheaterMD_Addams-Family_HPO_240_Foto_Andreas_Lander-300x200.jpg 300w, https:\/\/ingojooss.com\/wp-content\/uploads\/2025\/09\/TheaterMD_Addams-Family_HPO_240_Foto_Andreas_Lander-768x512.jpg 768w, https:\/\/ingojooss.com\/wp-content\/uploads\/2025\/09\/TheaterMD_Addams-Family_HPO_240_Foto_Andreas_Lander-1536x1024.jpg 1536w, https:\/\/ingojooss.com\/wp-content\/uploads\/2025\/09\/TheaterMD_Addams-Family_HPO_240_Foto_Andreas_Lander-2048x1365.jpg 2048w, https:\/\/ingojooss.com\/wp-content\/uploads\/2025\/09\/TheaterMD_Addams-Family_HPO_240_Foto_Andreas_Lander-700x467.jpg 700w, https:\/\/ingojooss.com\/wp-content\/uploads\/2025\/09\/TheaterMD_Addams-Family_HPO_240_Foto_Andreas_Lander-520x347.jpg 520w, https:\/\/ingojooss.com\/wp-content\/uploads\/2025\/09\/TheaterMD_Addams-Family_HPO_240_Foto_Andreas_Lander-360x240.jpg 360w, https:\/\/ingojooss.com\/wp-content\/uploads\/2025\/09\/TheaterMD_Addams-Family_HPO_240_Foto_Andreas_Lander-250x167.jpg 250w, https:\/\/ingojooss.com\/wp-content\/uploads\/2025\/09\/TheaterMD_Addams-Family_HPO_240_Foto_Andreas_Lander-100x67.jpg 100w\" sizes=\"(max-width: 1024px) 100vw, 1024px\" \/><\/figure>\n\n\n\n<p><br><strong>&#8222;The Addams Family&#8220;<\/strong><br><em>Theater Magdeburg\/Domplatz Open Air<\/em><br><a href=\"https:\/\/ingojooss.com\/?page_id=1045\" data-type=\"page\" data-id=\"1045\">Mehr Info<\/a><br><\/p>\n<\/div>\n<\/div>\n\n\n\n<div class=\"wp-block-columns is-layout-flex wp-container-core-columns-is-layout-3 wp-block-columns-is-layout-flex\">\n<div class=\"wp-block-column is-layout-flow wp-block-column-is-layout-flow\">\n<figure class=\"wp-block-image size-large is-style-rounded\"><img loading=\"lazy\" decoding=\"async\" width=\"1024\" height=\"683\" src=\"http:\/\/ingojooss.com\/wp-content\/uploads\/2025\/12\/TristanIsolde-10458-1024x683.jpg\" alt=\"\" class=\"wp-image-1209\" srcset=\"https:\/\/ingojooss.com\/wp-content\/uploads\/2025\/12\/TristanIsolde-10458-1024x683.jpg 1024w, https:\/\/ingojooss.com\/wp-content\/uploads\/2025\/12\/TristanIsolde-10458-300x200.jpg 300w, https:\/\/ingojooss.com\/wp-content\/uploads\/2025\/12\/TristanIsolde-10458-768x512.jpg 768w, https:\/\/ingojooss.com\/wp-content\/uploads\/2025\/12\/TristanIsolde-10458-1536x1024.jpg 1536w, https:\/\/ingojooss.com\/wp-content\/uploads\/2025\/12\/TristanIsolde-10458-2048x1365.jpg 2048w, https:\/\/ingojooss.com\/wp-content\/uploads\/2025\/12\/TristanIsolde-10458-700x467.jpg 700w, https:\/\/ingojooss.com\/wp-content\/uploads\/2025\/12\/TristanIsolde-10458-520x347.jpg 520w, https:\/\/ingojooss.com\/wp-content\/uploads\/2025\/12\/TristanIsolde-10458-360x240.jpg 360w, https:\/\/ingojooss.com\/wp-content\/uploads\/2025\/12\/TristanIsolde-10458-250x167.jpg 250w, https:\/\/ingojooss.com\/wp-content\/uploads\/2025\/12\/TristanIsolde-10458-100x67.jpg 100w\" sizes=\"(max-width: 1024px) 100vw, 1024px\" \/><\/figure>\n\n\n\n<p><br><strong>&#8222;Tristan und Isolde&#8220;<\/strong><br>Theater M\u00fcnster<br><a href=\"https:\/\/ingojooss.com\/?page_id=1205\" data-type=\"page\" data-id=\"1205\">Mehr Info<\/a><br><\/p>\n<\/div>\n\n\n\n<div class=\"wp-block-column is-layout-flow wp-block-column-is-layout-flow\"><div class=\"wp-block-image is-style-rounded\">\n<figure class=\"aligncenter size-large is-resized\"><img loading=\"lazy\" decoding=\"async\" width=\"1024\" height=\"803\" src=\"http:\/\/ingojooss.com\/wp-content\/uploads\/2022\/02\/11A9970LotteOHPWU-1024x803.jpeg\" alt=\"\" class=\"wp-image-747\" style=\"width:274px;height:auto\" srcset=\"https:\/\/ingojooss.com\/wp-content\/uploads\/2022\/02\/11A9970LotteOHPWU-1024x803.jpeg 1024w, https:\/\/ingojooss.com\/wp-content\/uploads\/2022\/02\/11A9970LotteOHPWU-300x235.jpeg 300w, https:\/\/ingojooss.com\/wp-content\/uploads\/2022\/02\/11A9970LotteOHPWU-768x602.jpeg 768w, https:\/\/ingojooss.com\/wp-content\/uploads\/2022\/02\/11A9970LotteOHPWU-700x549.jpeg 700w, https:\/\/ingojooss.com\/wp-content\/uploads\/2022\/02\/11A9970LotteOHPWU-520x408.jpeg 520w, https:\/\/ingojooss.com\/wp-content\/uploads\/2022\/02\/11A9970LotteOHPWU-360x282.jpeg 360w, https:\/\/ingojooss.com\/wp-content\/uploads\/2022\/02\/11A9970LotteOHPWU-250x196.jpeg 250w, https:\/\/ingojooss.com\/wp-content\/uploads\/2022\/02\/11A9970LotteOHPWU-100x78.jpeg 100w, https:\/\/ingojooss.com\/wp-content\/uploads\/2022\/02\/11A9970LotteOHPWU.jpeg 1401w\" sizes=\"(max-width: 1024px) 100vw, 1024px\" \/><\/figure><\/div>\n\n\n<p><br><strong>&#8222;Lottes Ballhaus&#8220;<\/strong><br>Mainfrankentheater W\u00fcrzburg<br><a href=\"https:\/\/ingojooss.com\/?page_id=1115\" data-type=\"page\" data-id=\"1115\">Mehr Info<\/a><\/p>\n<\/div>\n<\/div>\n\n\n\n<div class=\"wp-block-columns is-layout-flex wp-container-core-columns-is-layout-4 wp-block-columns-is-layout-flex\">\n<div class=\"wp-block-column is-layout-flow wp-block-column-is-layout-flow\">\n<figure class=\"wp-block-image size-large is-style-rounded\"><img loading=\"lazy\" decoding=\"async\" width=\"1024\" height=\"682\" src=\"http:\/\/ingojooss.com\/wp-content\/uploads\/2017\/11\/Dusk4-1024x682.jpg\" alt=\"\" class=\"wp-image-268\" srcset=\"https:\/\/ingojooss.com\/wp-content\/uploads\/2017\/11\/Dusk4-1024x682.jpg 1024w, https:\/\/ingojooss.com\/wp-content\/uploads\/2017\/11\/Dusk4-300x200.jpg 300w, https:\/\/ingojooss.com\/wp-content\/uploads\/2017\/11\/Dusk4-768x512.jpg 768w, https:\/\/ingojooss.com\/wp-content\/uploads\/2017\/11\/Dusk4-700x467.jpg 700w, https:\/\/ingojooss.com\/wp-content\/uploads\/2017\/11\/Dusk4-520x347.jpg 520w, https:\/\/ingojooss.com\/wp-content\/uploads\/2017\/11\/Dusk4-360x240.jpg 360w, https:\/\/ingojooss.com\/wp-content\/uploads\/2017\/11\/Dusk4-250x167.jpg 250w, https:\/\/ingojooss.com\/wp-content\/uploads\/2017\/11\/Dusk4-100x67.jpg 100w, https:\/\/ingojooss.com\/wp-content\/uploads\/2017\/11\/Dusk4.jpg 1400w\" sizes=\"(max-width: 1024px) 100vw, 1024px\" \/><\/figure>\n\n\n\n<p><br><strong>&#8222;Dusk&#8220;<\/strong><br>Theater Heidelberg\/Ballett Halle<br><a href=\"https:\/\/ingojooss.com\/?page_id=1102\" data-type=\"page\" data-id=\"1102\">Mehr Info<\/a><\/p>\n<\/div>\n\n\n\n<div class=\"wp-block-column is-layout-flow wp-block-column-is-layout-flow\">\n<figure class=\"wp-block-gallery has-nested-images columns-default wp-block-gallery-1 is-layout-flex wp-block-gallery-is-layout-flex\">\n<figure class=\"wp-block-image size-large is-style-rounded\"><img loading=\"lazy\" decoding=\"async\" width=\"1024\" height=\"558\" src=\"https:\/\/ingojooss.com\/wp-content\/uploads\/2023\/06\/11a3525zauberflwuohp_1_-1024x558.jpeg\" alt=\"\" class=\"wp-image-850\" srcset=\"https:\/\/ingojooss.com\/wp-content\/uploads\/2023\/06\/11a3525zauberflwuohp_1_-1024x558.jpeg 1024w, https:\/\/ingojooss.com\/wp-content\/uploads\/2023\/06\/11a3525zauberflwuohp_1_-300x164.jpeg 300w, https:\/\/ingojooss.com\/wp-content\/uploads\/2023\/06\/11a3525zauberflwuohp_1_-768x419.jpeg 768w, https:\/\/ingojooss.com\/wp-content\/uploads\/2023\/06\/11a3525zauberflwuohp_1_-700x382.jpeg 700w, https:\/\/ingojooss.com\/wp-content\/uploads\/2023\/06\/11a3525zauberflwuohp_1_-520x284.jpeg 520w, https:\/\/ingojooss.com\/wp-content\/uploads\/2023\/06\/11a3525zauberflwuohp_1_-360x196.jpeg 360w, https:\/\/ingojooss.com\/wp-content\/uploads\/2023\/06\/11a3525zauberflwuohp_1_-250x136.jpeg 250w, https:\/\/ingojooss.com\/wp-content\/uploads\/2023\/06\/11a3525zauberflwuohp_1_-100x55.jpeg 100w, https:\/\/ingojooss.com\/wp-content\/uploads\/2023\/06\/11a3525zauberflwuohp_1_.jpeg 1280w\" sizes=\"(max-width: 1024px) 100vw, 1024px\" \/><\/figure>\n<\/figure>\n\n\n\n<p><br><br><strong>&#8222;Die Zauberfl\u00f6te&#8220;<\/strong><br>Mainfrankentheater W\u00fcrzburg<br><a href=\"https:\/\/ingojooss.com\/?page_id=1122\" data-type=\"page\" data-id=\"1122\">Mehr Info<\/a><\/p>\n<\/div>\n<\/div>\n\n\n\n<div class=\"wp-block-columns is-layout-flex wp-container-core-columns-is-layout-5 wp-block-columns-is-layout-flex\">\n<div class=\"wp-block-column is-layout-flow wp-block-column-is-layout-flow\">\n<figure class=\"wp-block-gallery has-nested-images columns-default wp-block-gallery-2 is-layout-flex wp-block-gallery-is-layout-flex\"><div class=\"wp-block-image is-style-rounded\">\n<figure class=\"aligncenter size-large is-resized\"><img loading=\"lazy\" decoding=\"async\" width=\"1024\" height=\"683\" src=\"http:\/\/ingojooss.com\/wp-content\/uploads\/2025\/09\/PB_Tootsie_SG240228276_StephanGlagla-1024x683.jpg\" alt=\"\" class=\"wp-image-1129\" style=\"width:270px;height:auto\" srcset=\"https:\/\/ingojooss.com\/wp-content\/uploads\/2025\/09\/PB_Tootsie_SG240228276_StephanGlagla-1024x683.jpg 1024w, https:\/\/ingojooss.com\/wp-content\/uploads\/2025\/09\/PB_Tootsie_SG240228276_StephanGlagla-300x200.jpg 300w, https:\/\/ingojooss.com\/wp-content\/uploads\/2025\/09\/PB_Tootsie_SG240228276_StephanGlagla-768x512.jpg 768w, https:\/\/ingojooss.com\/wp-content\/uploads\/2025\/09\/PB_Tootsie_SG240228276_StephanGlagla-1536x1024.jpg 1536w, https:\/\/ingojooss.com\/wp-content\/uploads\/2025\/09\/PB_Tootsie_SG240228276_StephanGlagla-2048x1365.jpg 2048w, https:\/\/ingojooss.com\/wp-content\/uploads\/2025\/09\/PB_Tootsie_SG240228276_StephanGlagla-700x467.jpg 700w, https:\/\/ingojooss.com\/wp-content\/uploads\/2025\/09\/PB_Tootsie_SG240228276_StephanGlagla-520x347.jpg 520w, https:\/\/ingojooss.com\/wp-content\/uploads\/2025\/09\/PB_Tootsie_SG240228276_StephanGlagla-360x240.jpg 360w, https:\/\/ingojooss.com\/wp-content\/uploads\/2025\/09\/PB_Tootsie_SG240228276_StephanGlagla-250x167.jpg 250w, https:\/\/ingojooss.com\/wp-content\/uploads\/2025\/09\/PB_Tootsie_SG240228276_StephanGlagla-100x67.jpg 100w\" sizes=\"(max-width: 1024px) 100vw, 1024px\" \/><\/figure><\/div><\/figure>\n\n\n\n<p><br><strong>&#8222;Tootsie&#8220;<\/strong><br>Theater Osnabr\u00fcck<br><a href=\"https:\/\/ingojooss.com\/?page_id=1170\" data-type=\"page\" data-id=\"1170\">Mehr Info<\/a><br><\/p>\n<\/div>\n\n\n\n<div class=\"wp-block-column is-layout-flow wp-block-column-is-layout-flow\"><\/div>\n<\/div>\n","protected":false},"excerpt":{"rendered":"<p>Ingo Joo\u00df Lichtdesign f\u00fcr Ballett, Oper, Musical, Theater und Performance Kontakt: +49 (0)177-3095468mail@ingojooss.com Highlights &#8222;Forever and a day&#8220;Litauische Nationaloper und BallettMehr Info &#8222;The Addams Family&#8220;Theater Magdeburg\/Domplatz Open AirMehr Info &#8222;Tristan und Isolde&#8220;Theater M\u00fcnsterMehr Info &#8222;Lottes Ballhaus&#8220;Mainfrankentheater W\u00fcrzburgMehr Info &#8222;Dusk&#8220;Theater Heidelberg\/Ballett HalleMehr Info &#8222;Die Zauberfl\u00f6te&#8220;Mainfrankentheater W\u00fcrzburgMehr Info &#8222;Tootsie&#8220;Theater Osnabr\u00fcckMehr Info<\/p>\n","protected":false},"author":1,"featured_media":0,"parent":0,"menu_order":0,"comment_status":"closed","ping_status":"closed","template":"","meta":{"footnotes":""},"_links":{"self":[{"href":"https:\/\/ingojooss.com\/index.php?rest_route=\/wp\/v2\/pages\/1022"}],"collection":[{"href":"https:\/\/ingojooss.com\/index.php?rest_route=\/wp\/v2\/pages"}],"about":[{"href":"https:\/\/ingojooss.com\/index.php?rest_route=\/wp\/v2\/types\/page"}],"author":[{"embeddable":true,"href":"https:\/\/ingojooss.com\/index.php?rest_route=\/wp\/v2\/users\/1"}],"replies":[{"embeddable":true,"href":"https:\/\/ingojooss.com\/index.php?rest_route=%2Fwp%2Fv2%2Fcomments&post=1022"}],"version-history":[{"count":33,"href":"https:\/\/ingojooss.com\/index.php?rest_route=\/wp\/v2\/pages\/1022\/revisions"}],"predecessor-version":[{"id":1235,"href":"https:\/\/ingojooss.com\/index.php?rest_route=\/wp\/v2\/pages\/1022\/revisions\/1235"}],"wp:attachment":[{"href":"https:\/\/ingojooss.com\/index.php?rest_route=%2Fwp%2Fv2%2Fmedia&parent=1022"}],"curies":[{"name":"wp","href":"https:\/\/api.w.org\/{rel}","templated":true}]}}